{"id":17,"date":"2020-09-10T19:03:10","date_gmt":"2020-09-10T17:03:10","guid":{"rendered":"http:\/\/city-life.quadral.fr\/?page_id=17"},"modified":"2022-01-12T10:32:39","modified_gmt":"2022-01-12T09:32:39","slug":"nous-contacter","status":"publish","type":"page","link":"https:\/\/city-life.quadral.fr\/?page_id=17","title":{"rendered":"Nous contacter"},"content":{"rendered":"<section  class=\" auto\" style=\" \">\n\t\t\t\t<div class=\"container\">\n\t\t\n<div class=\"row\">\n\t\n<div class=\"col-md-12   sh-a141f48538eb3cdbeaa5a7416ad35278\">\n\t<div class=\"fly-col-inner none\" >\n\t\t<div class=\"form-wrapper contact-form\">\n\t<div class=\"fly-form-contact\">\n\t\t<form data-fw-form-id=\"fw_form\" method=\"post\" action=\"https:\/\/city-life.quadral.fr\/index.php?rest_route=%2Fwp%2Fv2%2Fpages%2F17\" class=\"fw_form_fw_form\" data-fw-ext-forms-type=\"contact-forms\"  ><input type=\"hidden\" name=\"fwf\" value=\"fw_form\" \/><input type=\"hidden\" id=\"_nonce_f5d686f92ec70f172526c6ba1a7ec952\" name=\"_nonce_f5d686f92ec70f172526c6ba1a7ec952\" value=\"df4f32a30d\" \/><input type=\"hidden\" name=\"_wp_http_referer\" value=\"\/index.php?rest_route=%2Fwp%2Fv2%2Fpages%2F17\" \/><input type=\"hidden\" name=\"fw_ext_forms_form_type\" value=\"contact-forms\" \/><input type=\"hidden\" name=\"fw_ext_forms_form_id\" value=\"1669d2b1dda47d654bdd63d1a6fb0036\" \/><div class=\"fw-row\"><\/div><div class=\"fw-row\"><div class=\"col-sm-12 form-builder-item\">\n\t<div class=\"field-text\">\n\t\t\t\t\t<div class=\"form-group\">\n\t\t\t\t<label for=\"id-1\">Votre email\t\t\t\t\t<sup>*<\/sup>\t\t\t\t<\/label>\n\t\t\t<\/div>\n\t\t\t\t<input type=\"text\" name=\"email_809212a\" placeholder=\"\" value=\"\" id=\"id-1\" class=\"form-control form-control-plain required\" >\n\t\t\t<\/div>\n<\/div><\/div><div class=\"fw-row\"><div class=\"col-sm-12 form-builder-item\">\n\t<div class=\"field-textarea\">\n\t\t\t\t\t<div class=\"form-group\">\n\t\t\t\t<label for=\"id-2\">Votre message\t\t\t\t\t<sup>*<\/sup>\t\t\t\t<\/label>\n\t\t\t<\/div>\n\t\t\t\t<textarea name=\"textarea_e4dd85f\" placeholder=\"\" id=\"id-2\" class=\"form-control form-control-plain required\" ><\/textarea>\n\t\t\t<\/div>\n<\/div><\/div><div class=\"fw-row\">\t<div class=\"col-sm-12 form-builder-item\">\n\t\t<div class=\"field-checkbox input-styled fw-item-one-column\">\n\t\t\t\t\t\t\t<div class=\"form-group\">\n\t\t\t\t\t<label>Consentement\t\t\t\t\t\t\t\t\t\t\t<\/label>\n\t\t\t\t<\/div>\n\t\t\t\t\t\t<div class=\"custom-checkbox\">\n\t\t\t\t\t\t\t\t\t\t\t\t\t\t<div class=\"options\">\n\t\t\t\t\t\t<input type=\"checkbox\" name=\"checkboxes_8edb99a[]\" value=\"J&#039;accepte de recevoir des communications de la part des soci\u00e9t\u00e9s du Groupe Quadral\" id=\"rand-3\"  \/>\n\t\t\t\t\t\t<label for=\"rand-3\">J'accepte de recevoir des communications de la part des soci\u00e9t\u00e9s du Groupe Quadral<\/label>\n\t\t\t\t\t<\/div>\n\t\t\t\t\t\t\t<\/div>\n\t\t\t\t\t<\/div>\n\t<\/div>\n<\/div><div class=\"fw-row\"><\/div><div class=\"fw-submit-btn-wrap text-center\">\n\t<input class=\"btn btn-danger btn-fill\" type=\"submit\" value=\"Envoyer\"\/>\n<\/div><\/form>\t<\/div>\n<\/div>\t<\/div>\n<\/div>\n\n<\/div>\n\n\n<div class=\"row\">\n\t\n<div class=\"col-md-12   sh-a141f48538eb3cdbeaa5a7416ad35278\">\n\t<div class=\"fly-col-inner none\" >\n\t\t<div class=\"space-md \" ><\/div>\t<\/div>\n<\/div>\n\n<\/div>\n\n\n<div class=\"row\">\n\t\n<div class=\"col-md-12   sh-a141f48538eb3cdbeaa5a7416ad35278\">\n\t<div class=\"fly-col-inner none\" >\n\t\t<div class=\"text-block shortcode-container  sh-af9e9452202df400c1dff512c528b6b0\">\n\t<p>En envoyant ce formulaire, j\u2019accepte que Quadral collecte et utilise les donn\u00e9es personnelles qu'il contient aux seules fins de traitement de ma demande. Conform\u00e9ment \u00e0 la loi n\u00b0 78-17 du 6 janvier 1978 modifi\u00e9e relative \u00e0 l\u2019informatique, aux fichiers et aux libert\u00e9s, QUADRAL SAS vous garantit un droit d\u2019acc\u00e8s, de modification, de rectification et de suppression pour toutes les donn\u00e9es personnelles que vous nous avez communiqu\u00e9es. Vous pouvez exercer ce droit d\u2019acc\u00e8s en envoyant un courrier \u00e9lectronique \u00e0 l\u2019adresse dpo@quadral.fr ou par lettre \u00e0 l\u2019adresse suivante : QUADRAL \u2013 A l\u2019attention du DPO \u2013 12 Rue Fran\u00e7ois de Curel \u2013 57000 METZ.<\/p><\/div>\t<\/div>\n<\/div>\n\n<\/div>\n\n\t<\/div>\n<\/section>\n\n","protected":false},"excerpt":{"rendered":"<p>Votre email * Votre message * Consentement J&rsquo;accepte de recevoir des communications de la part des soci\u00e9t\u00e9s du Groupe Quadral En envoyant ce formulaire, j\u2019accepte que Quadral collecte et utilise [&hellip;]<\/p>\n","protected":false},"author":1,"featured_media":0,"parent":0,"menu_order":0,"comment_status":"closed","ping_status":"closed","template":"","meta":[],"_links":{"self":[{"href":"https:\/\/city-life.quadral.fr\/index.php?rest_route=\/wp\/v2\/pages\/17"}],"collection":[{"href":"https:\/\/city-life.quadral.fr\/index.php?rest_route=\/wp\/v2\/pages"}],"about":[{"href":"https:\/\/city-life.quadral.fr\/index.php?rest_route=\/wp\/v2\/types\/page"}],"author":[{"embeddable":true,"href":"https:\/\/city-life.quadral.fr\/index.php?rest_route=\/wp\/v2\/users\/1"}],"replies":[{"embeddable":true,"href":"https:\/\/city-life.quadral.fr\/index.php?rest_route=%2Fwp%2Fv2%2Fcomments&post=17"}],"version-history":[{"count":13,"href":"https:\/\/city-life.quadral.fr\/index.php?rest_route=\/wp\/v2\/pages\/17\/revisions"}],"predecessor-version":[{"id":314,"href":"https:\/\/city-life.quadral.fr\/index.php?rest_route=\/wp\/v2\/pages\/17\/revisions\/314"}],"wp:attachment":[{"href":"https:\/\/city-life.quadral.fr\/index.php?rest_route=%2Fwp%2Fv2%2Fmedia&parent=17"}],"curies":[{"name":"wp","href":"https:\/\/api.w.org\/{rel}","templated":true}]}}